ghest common divisor of 7454 and 70.
2
Calculate the highest common divisor of 173489 and 25783.
437
What is the greatest common divisor of 28542 and 15478?
142
What is the greatest common divisor of 7304 and 176?
88
What is the greatest common divisor of 3185 and 21749?
91
Calculate the greatest common divisor of 10100 and 200.
100
Calculate the highest common divisor of 7709318 and 1306.
1306
Calculate the highest common factor of 413084 and 126.
14
What is the greatest common divisor of 203 and 241?
1
What is the highest common factor of 15252 and 620?
124
What is the greatest common factor of 306507 and 27341?
1439
Calculate the greatest common divisor of 123 and 26363.
41
Calculate the highest common factor of 48 and 39012.
12
What is the highest common divisor of 2076 and 434922?
1038
What is the greatest common divisor of 901654 and 26?
26
What is the greatest common divisor of 176 and 327208?
8
What is the greatest common divisor of 1532 and 89239?
383
What is the highest common divisor of 405 and 1551?
3
What is the highest common divisor of 85624 and 4928?
616
Calculate the highest common divisor of 136 and 16541.
17
What is the highest common divisor of 1020699 and 342?
171
What is the highest common factor of 400 and 576450?
50
Calculate the greatest common divisor of 175 and 67690.
35
Calculate the greatest common factor of 6223 and 91.
7
What is the highest common divisor of 163185 and 690?
345
Calculate the highest common divisor of 1928 and 137611.
241
Calculate the highest common factor of 14856 and 600.
24
What is the greatest common factor of 4323 and 8976?
33
Calculate the highest common factor of 1162119 and 21.
21
Calculate the highest common divisor of 302 and 368.
2
What is the highest common factor of 1215 and 128547?
243
Calculate the greatest common divisor of 61446 and 12.
6
Calculate the highest common factor of 23391 and 1449.
207
What is the highest common factor of 3003 and 462?
231
Calculate the highest common factor of 1089 and 7139.
121
What is the greatest common factor of 8021 and 4082?
13
What is the greatest common factor of 35 and 136913?
7
What is the greatest common factor of 52 and 1953796?
52
Calculate the greatest common factor of 6544 and 5024.
16
Calculate the highest common divisor of 975 and 630435.
195
Calculate the greatest common divisor of 155 and 203360.
155
What is the highest common factor of 12722928 and 48?
48
What is the highest common factor of 31682 and 1168?
146
What is the highest common factor of 19043887 and 601?
601
Calculate the greatest common divisor of 45 and 445.
5
What is the greatest common factor of 4 and 75252?
4
What is the greatest common divisor of 4 and 456868?
4
Calculate the highest common divisor of 36651 and 228.
57
Calculate the greatest common factor of 69586 and 66.
22
What is the greatest common divisor of 124580 and 65?
5
Calculate the highest common factor of 4450 and 41830.
890
Calculate the greatest common factor of 1349 and 60847.
71
Calculate the greatest common divisor of 15 and 274880.
5
What is the highest common factor of 2712 and 15?
3
What is the highest common factor of 21403 and 391?
17
Calculate the highest common divisor of 36 and 643740.
12
Calculate the greatest common divisor of 288 and 1362.
6
What is the highest common factor of 2 and 194?
2
What is the highest common divisor of 2812 and 7372?
76
Calculate the highest common factor of 130 and 30056.
26
Calculate the highest common divisor of 983235 and 3535.
505
Calculate the greatest common factor of 2616 and 231843.
327
What is the greatest common factor of 1180 and 3135260?
1180
Calculate the highest common divisor of 269011 and 1466.
733
Calculate the greatest common factor of 456 and 94164.
228
Calculate the highest common factor of 14746749 and 69.
69
Calculate the greatest common divisor of 4768 and 16.
16
What is the greatest common factor of 116130 and 40?
10
What is the greatest common divisor of 113 and 482849?
113
Calculate the highest common factor of 261664 and 17.
17
Calculate the highest common factor of 306 and 106335.
153
What is the highest common divisor of 365562 and 9?
9
What is the highest common divisor of 120 and 51960?
120
Calculate the greatest common divisor of 4340 and 29540.
140
What is the highest common divisor of 6109894 and 4242?
1414
Calculate the highest common factor of 860 and 18404.
172
What is the highest common divisor of 234 and 90?
18
What is the greatest common divisor of 946 and 8030?
22
Calculate the highest common divisor of 29820 and 108.
12
Calculate the greatest common factor of 3981070 and 190.
190
Calculate the highest common factor of 27 and 1851.
3
What is the highest common factor of 144018 and 16256?
254
Calculate the greatest common divisor of 65 and 77155.
65
Calculate the highest common divisor of 11406 and 36.
6
What is the highest common factor of 191101 and 492?
41
What is the greatest common divisor of 20 and 45863?
1
Calculate the highest common divisor of 224 and 95522.
14
Calculate the highest common divisor of 193756 and 236.
236
What is the highest common divisor of 30 and 3037065?
15
Calculate the greatest common factor of 41297 and 2501.
61
What is the highest common divisor of 30726 and 108?
54
Calculate the greatest common factor of 418 and 48268.
22
Calculate the highest common divisor of 7752 and 1880.
8
Calculate the highest common factor of 2588 and 54.
2
Calculate the highest common factor of 37723 and 1585.
317
Calculate the greatest common divisor of 14860 and 100.
20
Calculate the greatest common factor of 46648 and 408.
136
What is the greatest common divisor of 399726 and 7961?
419
Calculate the highest common factor of 512 and 118.
2
What is the highest common divisor of 175 and 48475?
175
What is the greatest common divisor of 106 and 791608?
106
Calculate the highest common divisor of 570 and 84740.
190
Calculate the highest common divisor of 245925 and 900.
225
Calculate the highest common divisor of 855 and 17055.
45
What is the greatest common factor of 194472 and 1184?
296
Calculate the highest common factor of 9690 and 77010.
510
Calculate the greatest common divisor of 3707 and 99.
11
Calculate the highest common divisor of 2831422 and 1438.
1438
Calculate the greatest common divisor of 81709 and 11413.
101
What is the greatest common factor of 25 and 3165175?
25
Calculate the highest common divisor of 6700 and 15890.
10
Calculate the greatest common divisor of 2426496 and 1068.
1068
What is the highest common divisor of 144 and 58356?
36
What is the greatest common factor of 1421 and 21112?
203
Calculate the highest common divisor of 16672 and 512.
32
What is the highest common divisor of 162969 and 2?
1
What is the greatest common divisor of 13585 and 88?
11
What is the highest common divisor of 46845 and 54?
27
What is the highest common factor of 22520 and 280?
40
What is the greatest common factor of 122 and 1705987?
61
Calculate the greatest common divisor of 20 and 60108.
4
What is the greatest common divisor of 42 and 152362?
14
Calculate the highest common divisor of 36 and 756396.
36
Calculate the greatest common divisor of 50 and 31266.
2
Calculate the highest common divisor of 54 and 14886.
18
What is the greatest common factor of 147039 and 115?
23
Calculate the greatest common factor of 566254 and 104.
26
Calculate the greatest common divisor of 32712 and 20868.
564
What is the highest common divisor of 3394490 and 20?
10
Calculate the highest common divisor of 24480 and 21590.
170
Calculate the highest common factor of 95 and 22648.
19
Calculate the highest common divisor of 218984 and 1984.
248
What is the highest common divisor of 54975 and 600?
75
Calculate the highest common divisor of 1100 and 4070.
110
Calculate the greatest common divisor of 37440 and 52.
52
What is the highest common divisor of 1408 and 1793?
11
Calculate the greatest common divisor of 93445 and 110.
55
What is the highest common divisor of 1190 and 59024?
238
Calculate the greatest common factor of 88294 and 1685.
337
What is the greatest common factor of 410 and 37330?
10
What is the highest common factor of 18 and 16062?
6
What is the greatest common factor of 2353 and 418653?
181
Calculate the greate